2 - 5. What is r(0)?
7
Let q = -8 + 11. Let z(b) = -b**2 + 5*b - 2. Give z(q).
4
Let s(y) be the first derivative of 19*y**2/2 - y + 24. Determine s(1).
18
Let i be -1 - -1 - (1 + 1). Let p be (i + 6)/(0 + -1). Let y(l) be the third derivative of -l**5/60 - 7*l**4/24 - 5*l**3/6 - 2*l**2. Give y(p).
7
Let w be (-23)/6 - 7/42. Let s be (-27)/(-4) - 1/w. Let u(c) = 0*c**2 + c + 4 - s*c - c**2. Calculate u(-6).
4
Let j(u) = -4 + 1 + u**2 - 6*u + u + 1. Let v be (-64)/(-2) - (-1)/1. Suppose 5*z = -m + 15, 5*z - 2 = 3*m + v. Give j(z).
-6
Let v(p) = -p**3 - 11*p**2 - p - 14. Suppose 0 = -0*n - 2*n + 2, -4*n = 4*z + 40. Give v(z).
-3
Let y(n) = 7*n**2 - 2*n + 1. Let h(d) = -3*d - 35. Let j be h(-12). What is y(j)?
6
Let o(h) = h - 7. Let w(b) = 9. Let t(d) = -4*o(d) - 3*w(d). Suppose -5*r + 17 = -4*z + 6, 2*z = -5*r + 17. Determine t(z).
-3
Let m(v) = -8*v - 2. Suppose 0 = 3*t + o + 10, -o = 2*t + 2*o + 9. Give m(t).
22
Let u(h) = h**3 - h. Let l be u(1). Suppose l = -5*v + 30 - 5. Let p(f) = f**3 - 5*f**2 - f - 2. Give p(v).
-7
Let o(b) be the first derivative of b**4/4 - b**3 - 3*b**2/2 - 12. What is o(-2)?
-14
Let r(j) = 5*j. Let o be r(-1). Let b(i) be the third derivative of -i**6/120 - i**5/12 - i**4/24 + 13*i**2. What is b(o)?
5
Let u(b) = 12*b**2 + 6*b**2 - 11*b**2. What is u(1)?
7
Let m(f) = 2*f - 3. Suppose -5*q + 4 + 11 = 0. Determine m(q).
3
Let u(r) = r**3 - 22*r**2 + r - 21. Let k be u(22). Let x(t) = -6*t**2 - 2*t**2 + 0*t**2. Give x(k).
-8
Let u(c) = c - 1. Let d be u(-1). Let y be (0 + -1)/(d/(-10)). Let v(n) = -4*n**3 - 5 - 665*n**2 - 7*n + 5*n**3 + 669*n**2. Determine v(y).
5
Let j(c) = c**3 + 4*c**2 - 2*c + 7. Let l(r) = r**3 + 10*r**2 + 11*r + 13. Let h be l(-9). Calculate j(h).
-8
Let u be 4/6*(-1 + 16). Let j = u - 8. Let d(q) = -3*q + 2. What is d(j)?
-4
Let d(i) = i**2 + i. Let u(t) = -t**3 - 4*t**2 - 3*t + 6. Let l(y) = -3*d(y) - u(y). Let k(r) = -r**3 + 7. Let g(s) = -2*k(s) - 3*l(s). Give g(-3).
4
Let h = 5 + -2. Suppose -h = -s - 1. Let d(q) = q**s + q**2 + 2 - q**2 - 5*q. Determine d(6).
8
Let n(k) = -4*k**2 + 8*k - 5. Let h(i) = i**2 - i + 1. Let b(r) = -3*h(r) - n(r). Let w be b(5). Suppose w*y = -2 - 6. Let j(v) = 2*v + 2. Determine j(y).
-6
Let x be 26 + (-3)/((-6)/(-2)). Let y be (-2)/(-4) + x/2. Suppose 5*c + 5 = 2*s, -5 = 4*c - 4*s - y. Let f(b) = b**3 + 2*b**2 - b. What is f(c)?
-6
Let l(p) be the second derivative of 0 + 1/2*p**2 + 1/12*p**4 - p + 1/3*p**3. Suppose -3*n + 2*m + 2 = 0, -3*m = 3*n - 4*m + 2. What is l(n)?
1
Let i(z) = -4*z + 2. Let n be 176/40 - 2/5. Suppose d + d - n = 0. What is i(d)?
-6
Suppose -3*s - 10 = -2*x, 0 = -5*s - 2*x + x - 8. Let c be s/6 + (-3)/(-9). Let f(i) = -i + 10. Give f(c).
10
Let l(k) = k - 1. Suppose 5*h - 3*m = 9, -4*m = -4*h - 3*m + 3. Let g(j) = -8 - 4 + 7*j + h. Let r(s) = -g(s) + 6*l(s). What is r(5)?
1
Let r(j) = j**3 + 7*j**2 + 5*j - 5. Let s be 6/(-9) + (-16)/(-6). Let k = -8 + s. What is r(k)?
1
Let c(i) be the first derivative of -i**3/3 - 2*i**2 - 3*i + 2. Suppose 2*u + 15 = -3*u. Determine c(u).
0
Let g be 16/(-24)*(1 - (-6)/(-4)). Let n(d) be the first derivative of -1/2*d**2 - g*d**3 + 7*d + 1/4*d**4 + 2. What is n(0)?
7
Let r(k) be the first derivative of k**3/3 - 9*k**2/2 - 3*k - 2. What is r(10)?
7
Let a(p) = p**3 - 5*p**2 - 4*p - 8. Let d = -4 - -7. Suppose 0*q - d = -q, 15 = 5*t - 5*q. What is a(t)?
4
Suppose 2*y - 4*g = 0, g - 21 = -2*y - 6. Let j(s) = -s**2 - s + 1. Let h(b) = -7*b**2 + b. Let z(r) = h(r) - 6*j(r). Calculate z(y).
0
Suppose -25 - 6 = -3*b + 5*o, 4*b - 13 = o. Let w(u) = 8*u**3 - 3*u**3 + 1 + b*u**3 - 2*u. Let r(m) = -m**2 + 5*m - 3. Let x be r(4). Determine w(x).
6
Let y(w) = 3*w**2 - 4*w + 2. Let a(d) = -2*d**2 + 3*d - 2. Let t(u) = -5*a(u) - 4*y(u). Let b be t(2). Let o(f) = -2*f - 4. Give o(b).
4
Let c(k) = -3*k - 3. Suppose -6*r - 10 = -r. What is c(r)?
3
Let h(r) be the first derivative of r**4/4 + 8*r**3/3 + 4*r**2 + 6*r - 19. Determine h(-7).
-1
Let a(h) = 3*h**3 + h - 1. Let z(g) = g - g - 3 + 2*g**2 - 2*g + g**3 + 7. Let q be z(-3). Calculate a(q).
3
Let t = 34 - 36. Let z(o) be the first derivative of -o**4/6 + o**3/3 + 3*o**2/2 - o - 1. Let d(s) be the first derivative of z(s). Determine d(t).
-9
Let o(k) be the first derivative of k**4/4 - k**3 + k - 8. What is o(4)?
17
Let i(m) = 2*m - 3. Suppose -14*x + 11*x = 15. Calculate i(x).
-13
Let n(w) = -4*w**2 + 5*w**2 - 2 + 4 - 8*w + 0*w**2. Calculate n(7).
-5
Let u(p) be the second derivative of -p**3/6 + p**2 - 2*p. Let k be 0/1 + 1/1. Let i = k + -4. Calculate u(i).
5
Let y(s) = 4 + 5*s - 7*s**2 + 3*s**2 - 4*s**2 + 7*s**2. Determine y(6).
-2
Let x(y) be the second derivative of 2*y - 1/12*y**4 - 2/3*y**3 - y**2 + 0. Give x(-3).
1
Let r(k) = -2 + 12*k**2 - 14*k**2 + 6*k**2. What is r(-2)?
14
Let k(w) = -w - 5. Let z = 1 - -4. Suppose -18 = z*u - 2*n, 2*n - 1 - 13 = 4*u. Determine k(u).
-1
Let j(k) = 2*k + 1. Let v(o) = 1. Let u(y) = -j(y) + 4*v(y). Let p(x) = x - 2. Let m be 4/8 + (-18)/(-4). Let w be p(m). Determine u(w).
-3
Let d(g) = -g**2. Let q = 6 - 5. Let y(u) = -3*u**2 - 7*u + 6. Let h(m) = q*y(m) - 5*d(m). Determine h(4).
10
Let l(s) = -s**3 - 2*s**2 + 2*s. Let p = 15 + -31. Let v be 2/(p/6 + 2). What is l(v)?
3
Suppose 2*b + 10 = 3*b. Suppose -x - b = -3*x. Let w(l) = l**2 - 3*l - 6. Calculate w(x).
4
Let o = -13 + 16. Let d = 1 + -1. Let j(t) = -t + t + t + d. Determine j(o).
3
Let r = -6 - -14. Let i = 4 + r. Let p(a) = -3*a + 2*a + i + 2*a. Give p(-5).
7
Let q(b) be the first derivative of -b**3/3 - 4*b**2 + 14*b + 23. What is q(-10)?
-6
Let q(d) = 0 - 4 + 8 + 2*d. Give q(3).
10
Let b(o) = 9*o**2 + 2*o + 1. Let d be b(-1). Suppose 0*z - 4*z + 16 = 0. Suppose -z*r + d*r = -16. Let w(t) = -t - 2. Determine w(r).
2
Let n = -173 - -167. Let h(b) = -b - 4. Let r(a) = a + 3. Let i(u) = -2*h(u) - 3*r(u). Let v(l) = -2*l - 1. Let p(k) = -9*i(k) + 4*v(k). Give p(n).
-1
Suppose -3*p - 18 = -0*p. Let q(y) = 2*y + 16. Let w(b) = b + 8. Let x(c) = 2*q(c) - 5*w(c). Calculate x(p).
-2
Let i(m) = -m - 5. Suppose -3*u - 16 = u. What is i(u)?
-1
Let z(g) = -g - 6*g + g**2 - 2*g**2 - 2. Let m be z(-5). Suppose 3*o + 7 = -m. Let v(t) = -t**2 - 6*t. Determine v(o).
5
Let o(w) = w**2 - 1. Let l be o(2). Let r(h) = l*h**2 - 3 - 5*h**2 + 6 - 1. Suppose 0 = -2*z + 4*x + 24, 3*z - 5*x - 35 = -2*z. What is r(z)?
-6
Let d(l) = l**3 - 3*l**2 - 2*l. Let v = -29 + 17. Suppose f = 5*z - 3*z, 0 = -2*z + 5*f + 8. Let q be (v/(-20))/(z/(-5)). Determine d(q).
-6
Suppose 3*n = 3*t + 6, 3*t - t = -6. Let o = n + 0. Let l(m) = 2*m**3 - 2*m - 1. Determine l(o).
-1
Let m(u) = 3*u**2 - 3*u - 2. Let d be m(-1). Let c(b) be the first derivative of 11/4*b**d + b + 0*b**3 - 1/2*b**2 + 3. What is c(1)?
11
Let q(h) be the second derivative of 1/2*h**2 + 0 + 1/6*h**3 - 3*h - 7/12*h**4. Calculate q(-1).
-7
Let l(r) be the third derivative of -r**5/60 - r**4/4 - r**2. Let s(p) = -2*p - 3*p + 4*p. Let c be s(5). What is l(c)?
5
Suppose -3*b = -5*n + 4*n + 14, 0 = b - 5*n. Let g(j) = j**3 + 4*j**2 - j + 7. What is g(b)?
-13
Let o = 2 + -1. Let n be 55/25 - 2/10. Let c(z) = z**n - o + 5*z - 2 + 0. Give c(-4).
-7
Let y(i) = 9*i**2 - 6*i + 6. Let m(u) = -5*u**2 + 3*u - 4. Let x(z) = 5*m(z) + 3*y(z). Calculate x(4).
18
Let q = -9 + 15. Let h(p) = p + 11. Let w(n) = -5*n - 44. Let f(u) = -9*h(u) - 2*w(u). Calculate f(q).
-5
Suppose -17 = 8*v + 23. Let l(o) = -4*o - 6. Determine l(v).
14
Let g(a) = a + 3. Let k(b) be the first derivative of b**2/2 - 5*b + 2. Let u be k(5). Suppose u = 3*j - j + 4. Give g(j).
1
Let u(y) = 3*y - y + 6 - y. Let a be u(-4). Let s(x) = 2 + x - a. Determine s(4).
4
Let w(l) be the second derivative of -l**3/6 + 3*l**2/2 + 13*l. Give w(-3).
6
Let l(t) = -72 + 3*t**2 - 9*t - 4*t**2 + 62. What is l(-7)?
4
Suppose -2*w - 14 = 3*n + 3*w, 3*w - 6 = 0. Let c = 13 + n. Let h(y) = -c*y - y**2 + 3 + 5*y. What is h(0)?
3
Let m(c) = c + 12. Let d(h) = -h - 1. Let z be d(-3). Let s(o) = 6*o + 61. Let j(n) = z*s(n) - 11*m(n). What is j(5)?
-5
Let x(z) = -z**3 - z**2 + 5*z + 2. Suppose 5*n = 4*b + 6 - 29, -5*n - 25 = -5*b. Give x(n).
5
Let g be 1*(-6)/21 - 52/14. Let b(t) = 2*t + 5. Determine b(g).
-3
Let r(o) = 7*o**3 + 15*o**2 - 9*o - 3. Let t = -11 - -6. Let q(d) = -10*d**3 - 22*d**2 + 14*d + 4. Let h(u